7*p**2 + 15*p - 7. Determine t(-4).
13
Let b(j) = 6*j**2 + 27*j + 25. Determine b(-4).
13
Let d(a) = 90*a + 1020. What is d(-11)?
30
Let p(b) = -5*b**3 + 57*b**2 + 27*b + 93. What is p(12)?
-15
Let w(h) = -h**2 + 929*h - 6451. What is w(7)?
3
Let o(z) = -2*z**2 + 40*z - 137. Determine o(16).
-9
Let w(r) = 185*r**2 + 1139*r - 1140. Determine w(1).
184
Let x(j) = -3*j**2 + 76*j + 234. Determine x(28).
10
Let b(d) = d**3 + 30*d**2 - 19*d + 615. Give b(-31).
243
Let g(p) = p**3 + 29*p**2 + 78*p - 52. Calculate g(-26).
-52
Let k(x) = x**3 + 42*x**2 - 67*x + 927. Give k(-44).
3
Let h(z) = -z**3 - 60*z**2 - 225*z - 52. Give h(-56).
4
Let t(g) = 47*g + 2393. Calculate t(-51).
-4
Let k(r) = r**2 - 21*r + 537. Give k(33).
933
Let k(o) = -7*o**2 + 493*o + 1480. What is k(-3)?
-62
Let m(z) = -3*z**2 - 205*z + 2484. Give m(-79).
-44
Let m(v) = -15*v**2 - 890*v - 1774. Give m(-2).
-54
Let n(v) = -2*v**2 + 17*v - 21. Give n(7).
0
Let l(r) = -32*r**2 + 86*r - 167. What is l(2)?
-123
Let s(b) = -6*b**2 - 15*b + 48. What is s(2)?
-6
Let f(t) = t**3 - 8*t**2 + 195*t - 1287. Give f(7).
29
Let b(v) = 32*v + 231. Calculate b(-6).
39
Let q(k) = 55*k**2 - 771*k + 6. What is q(14)?
-8
Let w(t) = 12*t**2 + 62*t + 80. What is w(-4)?
24
Let v(h) = 52*h**2 + 136*h - 63. Determine v(-3).
-3
Let q(i) = -i**3 + 15*i**2 + 43*i - 389. Give q(15).
256
Let f(s) = -s**3 + 4*s**2 + 221*s - 30. Determine f(17).
-30
Let g(j) = 25*j**2 - 47*j + 48. What is g(1)?
26
Let j(d) = -5*d**2 - 22*d + 14. Determine j(-4).
22
Let h(m) = 555*m - 11079. Give h(20).
21
Let u(v) = v**3 - 9*v**2 + 335*v - 3406. Determine u(10).
44
Let d(u) = -48*u + 2607. Determine d(55).
-33
Let w(f) = -2*f**2 - 134*f + 1027. What is w(7)?
-9
Let w(c) = -828*c - 28968. Give w(-35).
12
Let n(x) = -x**3 + 61*x**2 - 61*x + 111. Determine n(60).
51
Let b(c) = -c**3 + 36*c**2 - 106*c + 60. Determine b(33).
-171
Let o(x) = -3*x**3 - 16*x**2 + 52*x + 26. Calculate o(-9).
449
Let d(t) = 70*t - 15. Calculate d(1).
55
Let p(u) = -2*u**2 + 32*u + 209. Calculate p(21).
-1
Let i(l) = -1200*l - 5865. What is i(-5)?
135
Let n(z) = 192*z + 2687. Calculate n(-14).
-1
Let k(o) = -o**3 - 4*o**2 + 4*o + 33. Give k(-5).
38
Let a(v) = -4*v**3 - 17*v**2 + 89*v + 93. What is a(-7)?
9
Let y(a) = -a**3 - 7*a**2 + 12*a + 93. Determine y(-4).
-3
Let t(k) = -237*k**2 + 1662*k + 2. Determine t(7).
23
Let j(q) = -2*q**3 - 75*q**2 - 44*q - 253. What is j(-37)?
6
Let c(z) = -2*z**3 + 3*z**2 + z - 9. What is c(2)?
-11
Let y(w) = -3119*w + 21834. Give y(7).
1
Let m(n) = 15*n**3 + 4*n**2 - 6*n + 2. Determine m(1).
15
Let o(q) = -q**2 + 362*q - 26179. Determine o(262).
21
Let k(d) = -d**3 + 5*d**2 + 54*d - 167. Calculate k(10).
-127
Let l(m) = -34*m**2 + 28*m - 17. Calculate l(2).
-97
Let q(l) = l**2 + 2821*l - 16959. Give q(6).
3
Let u(x) = 219*x + 5455. Give u(-25).
-20
Let y(w) = 2*w**3 + 24*w**2 - 30*w - 314. Determine y(-12).
46
Let i(c) = -202*c - 908. Determine i(-6).
304
Let j(l) = 2*l**2 + 77*l - 356. Determine j(5).
79
Let v(m) = 20*m**2 - 7*m + 6. What is v(1)?
19
Let w(d) = 7*d**2 + 37*d - 36. What is w(6)?
438
Let w(g) = 283*g + 2257. Calculate w(-8).
-7
Let f(b) = 17*b - 897. What is f(52)?
-13
Let h(z) = -151*z + 883. Give h(5).
128
Let d(h) = -5*h**2 + 46*h - 14. Give d(9).
-5
Let g(a) = a**3 + 18*a**2 + 71*a + 916. Give g(-17).
-2
Let l(t) = 43*t + 330. What is l(-7)?
29
Let t(b) = -b**3 + 11*b**2 - 17*b + 41. Calculate t(9).
50
Let l(f) = -3*f**3 - 50*f**2 - 14*f + 72. What is l(-16)?
-216
Let l(z) = z**3 - 148*z**2 - 603*z - 752. Determine l(152).
8
Let c(j) = 3*j**3 + 307*j**2 + 103*j + 110. What is c(-102)?
8
Let r(o) = o**3 - 3*o**2 - 44*o + 32. Calculate r(8).
0
Let l(j) = -90*j - 5112. Determine l(-57).
18
Let u(r) = 4*r**3 - 2*r**2 - 3*r + 7. Determine u(-4).
-269
Let k(s) = 85*s**2 - 79*s - 176. Give k(2).
6
Let k(f) = f**3 - 7*f**2 + 53*f - 280. Determine k(6).
2
Let g(x) = 4*x**2 + 52*x - 10. What is g(4)?
262
Let p(m) = -3*m**3 - 387*m**2 - 3*m - 371. What is p(-129)?
16
Let i(x) = -3*x**3 - 160*x**2 - 1012*x - 6. Calculate i(-46).
-6
Let y(w) = -408*w + 1487. Calculate y(4).
-145
Let u(t) = -27*t + 42. Determine u(-2).
96
Let c(p) = p**3 + 48*p**2 - 101*p - 46. Calculate c(-50).
4
Let z(h) = 10*h**3 + 5*h - 7. Give z(1).
8
Let f(z) = -114*z - 331. What is f(-5)?
239
Let h(l) = -569*l - 10798. What is h(-19)?
13
Let i(k) = -k**2 - 22*k - 79. Give i(-29).
-282
Let m(l) = l**2 + 66*l + 1033. Determine m(-39).
-20
Let a(u) = 6*u**2 + 107*u - 24. Determine a(-19).
109
Let p(w) = 1834*w - 10798. Determine p(6).
206
Let p(u) = 2919*u - 11577. Determine p(4).
99
Let r(q) = -q**2 - 30*q + 486. Calculate r(-41).
35
Let n(y) = -405*y - 4785. Calculate n(-12).
75
Let a(c) = 20*c - 64. Calculate a(-5).
-164
Let i(n) = -3*n**3 + 13*n**2 + 13*n - 65. Give i(6).
-167
Let t(w) = -96*w - 649. What is t(-7)?
23
Let y(u) = 292*u - 7016. What is y(24)?
-8
Let v(x) = 8*x**2 - 9*x + 25. Give v(6).
259
Let y(w) = -w**2 + 2765*w + 38905. Calculate y(-14).
-1
Let m(l) = -l**3 - 7*l**2 + 211*l + 90. Give m(-18).
-144
Let h(y) = -49*y**3 + y**2 + 5*y + 3. Calculate h(-1).
48
Let f(n) = 3*n**3 - 94*n**2 - 74*n + 344. Calculate f(32).
24
Let c(m) = m**2 - 10*m - 376. Determine c(-15).
-1
Let l(d) = 557*d - 134. What is l(0)?
-134
Let l(b) = -1583*b. Determine l(0).
0
Let p(d) = 1151*d + 22935. Determine p(-20).
-85
Let t(i) = 215*i + 584. Calculate t(-3).
-61
Let u(j) = j**3 + 67*j**2 - 17*j + 8350. What is u(-69)?
1
Let g(i) = i**3 + 7*i**2 + i + 9. Determine g(-6).
39
Let k(y) = y**2 + 59*y + 423. Determine k(-9).
-27
Let u(j) = 636*j - 41975. Calculate u(66).
1
Let l(r) = -164*r + 665. Give l(4).
9
Let a(s) = -s**3 + 18*s**2 + 4*s - 44. Calculate a(18).
28
Let x(u) = u**2 + 21*u - 348. Calculate x(-31).
-38
Let j(z) = z**2 + 31*z - 73. Calculate j(7).
193
Let w(t) = t**3 + 19*t**2 + 63*t - 19. What is w(-11)?
256
Let f(x) = 6*x**2 - 22*x - 126. Calculate f(-5).
134
Let a(v) = 84*v - 151. Calculate a(4).
185
Let g(c) = -2*c**3 - 2*c**2 + 18*c + 10. What is g(4)?
-78
Let o(j) = 345*j - 2430. Calculate o(7).
-15
Let h(k) = -3*k**3 + 4*k**2 + 4*k - 6. Determine h(1).
-1
Let p(b) = -b**2 + 60*b - 810. What is p(22)?
26
Let p(c) = -c**3 + 26*c**2 - 213*c + 3950. Calculate p(24).
-10
Let s(h) = h**3 + 126*h**2 + 2528*h + 305. Calculate s(-101).
2
Let o(j) = j**3 - 13*j**2 - 81*j + 30. Calculate o(17).
-191
Let y(l) = l**3 - 2*l**2 + 4*l + 60. Determine y(5).
155
Let p(s) = -7*s**3 + 123*s**2 + 190*s + 1. Give p(19).
1
Let r(t) = t**2 - 6*t + 9. Give r(6).
9
Let i(w) = -4*w**2 - 39*w - 117. Determine i(-4).
-25
Let d(q) = -296*q + 5032. Calculate d(17).
0
Let m(c) = -9*c**2 - 45*c + 47. Determine m(1).
-7
Let q(z) = -z**3 - 179*z**2 - 29*z - 5105. Calculate q(-179).
86
Let t(x) = -12*x + 126. What is t(12)?
-18
Let j(h) = -3*h**2 + 17*h + 211. What is j(12)?
-17
Let o(f) = 17*f - 637. Calculate o(40).
43
Let w(h) = h**3 - 7*h**2 + 7*h - 14. Determine w(6).
-8
Let q(k) = -276*k**3 - 2*k**2 + 5*k - 2. Calculate q(1).
-275
Let v(h) = 333*h + 270. What is v(-1)?
-63
Let a(w) = -34*w - 179. Give a(0).
-179
Let n(f) = -49*f**3 + 4*f**2 - 5*f + 4. What is n(1)?
-46
Let c(v) = v**3 + 27*v**2 + 52*v + 44. Calculate c(-25).
-6
Let x(l) = l**2 + 111*l - 516. Determine x(5).
64
Let s(c) = c**3 + 74*c**2 - 221*c + 775. What is s(-77)?
5
Let g(p) = p**2 - 22*p + 166. Determine g(7).
61
Let q(w) = -223*w - 835. Give q(-4).
57
Let a(r) = 6*r**2 - 17*r - 115. Give a(-5).
120
Let a(l) = 14*l**3 + 99*l**2 + 53*l + 319. Calculate a(-7).
-3
Let m(j) = -j**2 - 10*j - 102. Calculate m(0).
-102
Let b(t) = 8*t**2 + 24*t - 865. Give b(9).
-1
Let n(f) = -20*f**3 - 2*f**2 + 13*f - 15. Determine n(2).
-157
Let o(c) = -3*c**3 + 62*c**2 + 90*c + 12. Determine o(22).
56
Let d(a) = a**2 + 176*a + 3653. Calculate d(-24).
5
Let g(t) = -t**3 - 16*t**2 + 466*t - 16. Calculate g(15).
-1
Let o(c) = -56*c + 1235. Give o(22).
3
Let b(a) = -205*a - 19481. Give b(-95).
-6
Let g(d) = 70*d - 15817. Give g(226).
3
Let b(i) = 133*i**2 + 2*i + 2. Determine b(-1).
133
Let v(m) = 3*m + 19. Calculate v(5).
34
Let c(b) = -5*b + 49. Determine c(2).
39
Let k(j) = -99*j - 18916. Calculate k(-191).
-7
Let j(b) = -2*b**3 + 2*b**2 + 177*b - 45. Determine j(-9).
-18
Let b(x) = -x**3 + 43*x**2 - 404*x + 89. C